{"id":5591,"date":"2024-12-29T12:27:06","date_gmt":"2024-12-29T11:27:06","guid":{"rendered":"https:\/\/gabipavanello.ch\/wordpress\/?page_id=5591"},"modified":"2025-12-03T14:27:47","modified_gmt":"2025-12-03T13:27:47","slug":"die-nationale-nepkropole-waldmatt-de-guebwiller","status":"publish","type":"page","link":"https:\/\/gabipavanello.ch\/wordpress\/die-nationale-nepkropole-waldmatt-de-guebwiller\/","title":{"rendered":"Die nationale Nekropole Waldmatt de Guebwiller"},"content":{"rendered":"\t\t<div data-elementor-type=\"wp-page\" data-elementor-id=\"5591\" class=\"elementor elementor-5591\" data-elementor-post-type=\"page\">\n\t\t\t\t<div class=\"elementor-element elementor-element-e26f25d e-con-full e-flex e-con e-parent\" data-id=\"e26f25d\" data-element_type=\"container\" data-e-type=\"container\">\n\t\t\t\t<div class=\"elementor-element elementor-element-6599506 elementor-widget elementor-widget-heading\" data-id=\"6599506\" data-element_type=\"widget\" data-e-type=\"widget\" data-widget_type=\"heading.default\">\n\t\t\t\t\t<h2 class=\"elementor-heading-title elementor-size-default\">Die nationale Nekropole Waldmatt de Guebwiller<\/h2>\t\t\t\t<\/div>\n\t\t\t\t<\/div>\n\t\t<div class=\"elementor-element elementor-element-64425dd e-con-full e-flex e-con e-parent\" data-id=\"64425dd\" data-element_type=\"container\" data-e-type=\"container\">\n\t\t\t\t<div class=\"elementor-element elementor-element-6f401a6 elementor-widget-divider--view-line elementor-widget elementor-widget-divider\" data-id=\"6f401a6\" data-element_type=\"widget\" data-e-type=\"widget\" data-widget_type=\"divider.default\">\n\t\t\t\t\t\t\t<div class=\"elementor-divider\">\n\t\t\t<span class=\"elementor-divider-separator\">\n\t\t\t\t\t\t<\/span>\n\t\t<\/div>\n\t\t\t\t\t\t<\/div>\n\t\t\t\t<\/div>\n\t\t<div class=\"elementor-element elementor-element-4bd1ad9 e-flex e-con-boxed e-con e-parent\" data-id=\"4bd1ad9\" data-element_type=\"container\" data-e-type=\"container\">\n\t\t\t\t\t<div class=\"e-con-inner\">\n\t\t\t\t<div class=\"elementor-element elementor-element-a89c579 elementor-widget elementor-widget-text-editor\" data-id=\"a89c579\" data-element_type=\"widget\" data-e-type=\"widget\" data-widget_type=\"text-editor.default\">\n\t\t\t\t\t\t\t\t\t<h5>Die <strong>N\u00e9cropole nationale Waldmatt de Guebwiller<\/strong> und der angrenzende <strong>deutsche Friedhof<\/strong> sind bedeutende Gedenkst\u00e4tten des Ersten Weltkriegs, die die tragischen Ereignisse der K\u00e4mpfe im Haute-Alsace von 1914 bis 1918 w\u00fcrdigen. Der franz\u00f6sische Nationalfriedhof wurde 1914 von der deutschen Armee angelegt und sp\u00e4ter umgestaltet, um die \u00dcberreste von gefallenen Soldaten aus nahegelegenen Friedh\u00f6fen aufzunehmen. Der angrenzende deutsche Friedhof erinnert ebenfalls an die zahlreichen Opfer dieses Konflikts. Beide St\u00e4tten symbolisieren die Schrecken des Krieges und die gemeinsame Verantwortung f\u00fcr das Gedenken.<\/h5><hr \/><h5>\u00a0<\/h5><h5 style=\"text-align: center;\">Wichtige Merkmale<\/h5><ul><li><h5><strong>Franz\u00f6sischer Friedhof<\/strong>: Die N\u00e9cropole nationale Waldmatt beherbergt die sterblichen \u00dcberreste von 442 franz\u00f6sischen Soldaten, darunter 162, die in zwei Beinh\u00e4usern ruhen.<\/h5><ul><li><h5>Zus\u00e4tzlich sind dort 9 russische Soldaten des Ersten Weltkriegs, 6 franz\u00f6sische Soldaten des Zweiten Weltkriegs und ein Soldat des Algerienkriegs beigesetzt.<\/h5><\/li><\/ul><\/li><li><h5><strong>Deutscher Friedhof<\/strong>: Der angrenzende deutsche Soldatenfriedhof enth\u00e4lt die Gr\u00e4ber von 1.238 Soldaten.<\/h5><\/li><li><h5><strong>Urspr\u00fcngliche Anlage<\/strong>: Der Friedhof wurde 1914 von der deutschen Armee eingerichtet und 1921 sowie 1924 erweitert, um Exhumierungen aus umliegenden Friedh\u00f6fen aufzunehmen.<\/h5><\/li><\/ul><hr \/><h5 style=\"text-align: center;\">Bedeutung und Symbolik<\/h5><h5>Die Gedenkst\u00e4tten sind eindrucksvolle Symbole f\u00fcr die Opferbereitschaft und das Leid, das die Kriege mit sich brachten. Die gemeinsame Lage des franz\u00f6sischen und deutschen Friedhofs verdeutlicht die verbindende Symbolik und die Notwendigkeit von Vers\u00f6hnung zwischen den ehemals verfeindeten Nationen. Die Aufnahme russischer Soldaten zeigt die internationale Dimension des Ersten Weltkriegs, w\u00e4hrend die Gr\u00e4ber aus dem Zweiten Weltkrieg und dem Algerienkrieg die Kontinuit\u00e4t des Gedenkens an Opfer unterschiedlicher Konflikte unterstreichen.<\/h5><hr \/><h5>\u00a0<\/h5><h5 style=\"text-align: center;\">Landschaft und Architektur<\/h5><ul><li><h5><strong>Landschaftliche Einbettung<\/strong>: Die Friedh\u00f6fe liegen in der waldreichen und h\u00fcgeligen Umgebung von Guebwiller, die eine friedvolle Atmosph\u00e4re schafft.<\/h5><\/li><li><h5><strong>Gestaltung der Nekropole<\/strong>: Die Gr\u00e4ber sind symmetrisch angeordnet, w\u00e4hrend die Beinh\u00e4user und individuelle Grabst\u00e4tten die W\u00fcrde der Toten respektieren.<\/h5><\/li><li><h5><strong>Deutscher Friedhof<\/strong>: Der angrenzende deutsche Friedhof ist schlicht gehalten, mit einer klaren Struktur der Grabreihen, die die Erinnerung an die gefallenen Soldaten betont.<\/h5><\/li><li><h5><strong>Nat\u00fcrliche Harmonie<\/strong>: Beide Friedh\u00f6fe sind harmonisch in die Landschaft integriert, was zur Besinnung und zum Gedenken einl\u00e4dt.<\/h5><\/li><\/ul><hr \/><h5>\u00a0<\/h5><h5 style=\"text-align: center;\">Fazit<\/h5><h5>Die <strong>N\u00e9cropole nationale Waldmatt de Guebwiller<\/strong> und der angrenzende deutsche Friedhof sind bedeutende Orte des Gedenkens, die die Verluste beider Seiten w\u00fcrdigen und an die Schrecken des Krieges erinnern. Ihre gemeinsame Lage symbolisiert die Notwendigkeit von Frieden und Vers\u00f6hnung und macht sie zu einem wichtigen Mahnmal f\u00fcr zuk\u00fcnftige Generationen.<\/h5>\t\t\t\t\t\t\t\t<\/div>\n\t\t\t\t\t<\/div>\n\t\t\t\t<\/div>\n\t\t<div class=\"elementor-element elementor-element-882e4b9 e-con-full e-flex e-con e-parent\" data-id=\"882e4b9\" data-element_type=\"container\" data-e-type=\"container\">\n\t\t\t\t<div class=\"elementor-element elementor-element-21b45ba elementor-widget elementor-widget-gallery\" data-id=\"21b45ba\" data-element_type=\"widget\" data-e-type=\"widget\" data-settings=\"{&quot;gallery_layout&quot;:&quot;masonry&quot;,&quot;columns&quot;:2,&quot;gap&quot;:{&quot;unit&quot;:&quot;px&quot;,&quot;size&quot;:20,&quot;sizes&quot;:[]},&quot;lazyload&quot;:&quot;yes&quot;,&quot;columns_tablet&quot;:2,&quot;columns_mobile&quot;:1,&quot;gap_tablet&quot;:{&quot;unit&quot;:&quot;px&quot;,&quot;size&quot;:10,&quot;sizes&quot;:[]},&quot;gap_mobile&quot;:{&quot;unit&quot;:&quot;px&quot;,&quot;size&quot;:10,&quot;sizes&quot;:[]},&quot;link_to&quot;:&quot;file&quot;,&quot;overlay_background&quot;:&quot;yes&quot;,&quot;content_hover_animation&quot;:&quot;fade-in&quot;}\" data-widget_type=\"gallery.default\">\n\t\t\t\t\t\t\t<div class=\"elementor-gallery__container\">\n\t\t\t\t\t\t\t<a class=\"e-gallery-item elementor-gallery-item elementor-animated-content\" href=\"https:\/\/gabipavanello.ch\/wordpress\/wp-content\/uploads\/2024\/12\/c2a6352.jpg\" data-elementor-open-lightbox=\"yes\" data-elementor-lightbox-slideshow=\"21b45ba\" data-e-action-hash=\"#elementor-action%3Aaction%3Dlightbox%26settings%3DeyJpZCI6NTc3NCwidXJsIjoiaHR0cHM6XC9cL2dhYmlwYXZhbmVsbG8uY2hcL3dvcmRwcmVzc1wvd3AtY29udGVudFwvdXBsb2Fkc1wvMjAyNFwvMTJcL2MyYTYzNTIuanBnIiwic2xpZGVzaG93IjoiMjFiNDViYSJ9\">\n\t\t\t\t\t<div class=\"e-gallery-image elementor-gallery-item__image\" data-thumbnail=\"https:\/\/gabipavanello.ch\/wordpress\/wp-content\/uploads\/2024\/12\/c2a6352-1024x683.jpg\" data-width=\"1024\" data-height=\"683\" aria-label=\"\" role=\"img\" ><\/div>\n\t\t\t\t\t\t\t\t\t\t\t<div class=\"elementor-gallery-item__overlay\"><\/div>\n\t\t\t\t\t\t\t\t\t\t\t\t\t\t<\/a>\n\t\t\t\t\t\t\t<a class=\"e-gallery-item elementor-gallery-item elementor-animated-content\" href=\"https:\/\/gabipavanello.ch\/wordpress\/wp-content\/uploads\/2024\/12\/c2a6351.jpg\" data-elementor-open-lightbox=\"yes\" data-elementor-lightbox-slideshow=\"21b45ba\" data-e-action-hash=\"#elementor-action%3Aaction%3Dlightbox%26settings%3DeyJpZCI6NTc3MywidXJsIjoiaHR0cHM6XC9cL2dhYmlwYXZhbmVsbG8uY2hcL3dvcmRwcmVzc1wvd3AtY29udGVudFwvdXBsb2Fkc1wvMjAyNFwvMTJcL2MyYTYzNTEuanBnIiwic2xpZGVzaG93IjoiMjFiNDViYSJ9\">\n\t\t\t\t\t<div class=\"e-gallery-image elementor-gallery-item__image\" data-thumbnail=\"https:\/\/gabipavanello.ch\/wordpress\/wp-content\/uploads\/2024\/12\/c2a6351-683x1024.jpg\" data-width=\"683\" data-height=\"1024\" aria-label=\"\" role=\"img\" ><\/div>\n\t\t\t\t\t\t\t\t\t\t\t<div class=\"elementor-gallery-item__overlay\"><\/div>\n\t\t\t\t\t\t\t\t\t\t\t\t\t\t<\/a>\n\t\t\t\t\t\t\t<a class=\"e-gallery-item elementor-gallery-item elementor-animated-content\" href=\"https:\/\/gabipavanello.ch\/wordpress\/wp-content\/uploads\/2024\/12\/c2a6348.jpg\" data-elementor-open-lightbox=\"yes\" data-elementor-lightbox-slideshow=\"21b45ba\" data-e-action-hash=\"#elementor-action%3Aaction%3Dlightbox%26settings%3DeyJpZCI6NTc3MiwidXJsIjoiaHR0cHM6XC9cL2dhYmlwYXZhbmVsbG8uY2hcL3dvcmRwcmVzc1wvd3AtY29udGVudFwvdXBsb2Fkc1wvMjAyNFwvMTJcL2MyYTYzNDguanBnIiwic2xpZGVzaG93IjoiMjFiNDViYSJ9\">\n\t\t\t\t\t<div class=\"e-gallery-image elementor-gallery-item__image\" data-thumbnail=\"https:\/\/gabipavanello.ch\/wordpress\/wp-content\/uploads\/2024\/12\/c2a6348-1024x683.jpg\" data-width=\"1024\" data-height=\"683\" aria-label=\"\" role=\"img\" ><\/div>\n\t\t\t\t\t\t\t\t\t\t\t<div class=\"elementor-gallery-item__overlay\"><\/div>\n\t\t\t\t\t\t\t\t\t\t\t\t\t\t<\/a>\n\t\t\t\t\t\t\t<a class=\"e-gallery-item elementor-gallery-item elementor-animated-content\" href=\"https:\/\/gabipavanello.ch\/wordpress\/wp-content\/uploads\/2024\/12\/c2a6342.jpg\" data-elementor-open-lightbox=\"yes\" data-elementor-lightbox-slideshow=\"21b45ba\" data-e-action-hash=\"#elementor-action%3Aaction%3Dlightbox%26settings%3DeyJpZCI6NTc3MSwidXJsIjoiaHR0cHM6XC9cL2dhYmlwYXZhbmVsbG8uY2hcL3dvcmRwcmVzc1wvd3AtY29udGVudFwvdXBsb2Fkc1wvMjAyNFwvMTJcL2MyYTYzNDIuanBnIiwic2xpZGVzaG93IjoiMjFiNDViYSJ9\">\n\t\t\t\t\t<div class=\"e-gallery-image elementor-gallery-item__image\" data-thumbnail=\"https:\/\/gabipavanello.ch\/wordpress\/wp-content\/uploads\/2024\/12\/c2a6342-683x1024.jpg\" data-width=\"683\" data-height=\"1024\" aria-label=\"\" role=\"img\" ><\/div>\n\t\t\t\t\t\t\t\t\t\t\t<div class=\"elementor-gallery-item__overlay\"><\/div>\n\t\t\t\t\t\t\t\t\t\t\t\t\t\t<\/a>\n\t\t\t\t\t\t\t<a class=\"e-gallery-item elementor-gallery-item elementor-animated-content\" href=\"https:\/\/gabipavanello.ch\/wordpress\/wp-content\/uploads\/2024\/12\/c2a6338.jpg\" data-elementor-open-lightbox=\"yes\" data-elementor-lightbox-slideshow=\"21b45ba\" data-e-action-hash=\"#elementor-action%3Aaction%3Dlightbox%26settings%3DeyJpZCI6NTc3MCwidXJsIjoiaHR0cHM6XC9cL2dhYmlwYXZhbmVsbG8uY2hcL3dvcmRwcmVzc1wvd3AtY29udGVudFwvdXBsb2Fkc1wvMjAyNFwvMTJcL2MyYTYzMzguanBnIiwic2xpZGVzaG93IjoiMjFiNDViYSJ9\">\n\t\t\t\t\t<div class=\"e-gallery-image elementor-gallery-item__image\" data-thumbnail=\"https:\/\/gabipavanello.ch\/wordpress\/wp-content\/uploads\/2024\/12\/c2a6338-1024x683.jpg\" data-width=\"1024\" data-height=\"683\" aria-label=\"\" role=\"img\" ><\/div>\n\t\t\t\t\t\t\t\t\t\t\t<div class=\"elementor-gallery-item__overlay\"><\/div>\n\t\t\t\t\t\t\t\t\t\t\t\t\t\t<\/a>\n\t\t\t\t\t\t\t<a class=\"e-gallery-item elementor-gallery-item elementor-animated-content\" href=\"https:\/\/gabipavanello.ch\/wordpress\/wp-content\/uploads\/2024\/12\/c2a6331.jpg\" data-elementor-open-lightbox=\"yes\" data-elementor-lightbox-slideshow=\"21b45ba\" data-e-action-hash=\"#elementor-action%3Aaction%3Dlightbox%26settings%3DeyJpZCI6NTc2OCwidXJsIjoiaHR0cHM6XC9cL2dhYmlwYXZhbmVsbG8uY2hcL3dvcmRwcmVzc1wvd3AtY29udGVudFwvdXBsb2Fkc1wvMjAyNFwvMTJcL2MyYTYzMzEuanBnIiwic2xpZGVzaG93IjoiMjFiNDViYSJ9\">\n\t\t\t\t\t<div class=\"e-gallery-image elementor-gallery-item__image\" data-thumbnail=\"https:\/\/gabipavanello.ch\/wordpress\/wp-content\/uploads\/2024\/12\/c2a6331-1024x683.jpg\" data-width=\"1024\" data-height=\"683\" aria-label=\"\" role=\"img\" ><\/div>\n\t\t\t\t\t\t\t\t\t\t\t<div class=\"elementor-gallery-item__overlay\"><\/div>\n\t\t\t\t\t\t\t\t\t\t\t\t\t\t<\/a>\n\t\t\t\t\t\t\t<a class=\"e-gallery-item elementor-gallery-item elementor-animated-content\" href=\"https:\/\/gabipavanello.ch\/wordpress\/wp-content\/uploads\/2024\/12\/c2a6324.jpg\" data-elementor-open-lightbox=\"yes\" data-elementor-lightbox-slideshow=\"21b45ba\" data-e-action-hash=\"#elementor-action%3Aaction%3Dlightbox%26settings%3DeyJpZCI6NTc2NywidXJsIjoiaHR0cHM6XC9cL2dhYmlwYXZhbmVsbG8uY2hcL3dvcmRwcmVzc1wvd3AtY29udGVudFwvdXBsb2Fkc1wvMjAyNFwvMTJcL2MyYTYzMjQuanBnIiwic2xpZGVzaG93IjoiMjFiNDViYSJ9\">\n\t\t\t\t\t<div class=\"e-gallery-image elementor-gallery-item__image\" data-thumbnail=\"https:\/\/gabipavanello.ch\/wordpress\/wp-content\/uploads\/2024\/12\/c2a6324-1024x683.jpg\" data-width=\"1024\" data-height=\"683\" aria-label=\"\" role=\"img\" ><\/div>\n\t\t\t\t\t\t\t\t\t\t\t<div class=\"elementor-gallery-item__overlay\"><\/div>\n\t\t\t\t\t\t\t\t\t\t\t\t\t\t<\/a>\n\t\t\t\t\t\t\t<a class=\"e-gallery-item elementor-gallery-item elementor-animated-content\" href=\"https:\/\/gabipavanello.ch\/wordpress\/wp-content\/uploads\/2024\/12\/c2a6323.jpg\" data-elementor-open-lightbox=\"yes\" data-elementor-lightbox-slideshow=\"21b45ba\" data-e-action-hash=\"#elementor-action%3Aaction%3Dlightbox%26settings%3DeyJpZCI6NTc2NiwidXJsIjoiaHR0cHM6XC9cL2dhYmlwYXZhbmVsbG8uY2hcL3dvcmRwcmVzc1wvd3AtY29udGVudFwvdXBsb2Fkc1wvMjAyNFwvMTJcL2MyYTYzMjMuanBnIiwic2xpZGVzaG93IjoiMjFiNDViYSJ9\">\n\t\t\t\t\t<div class=\"e-gallery-image elementor-gallery-item__image\" data-thumbnail=\"https:\/\/gabipavanello.ch\/wordpress\/wp-content\/uploads\/2024\/12\/c2a6323-1024x683.jpg\" data-width=\"1024\" data-height=\"683\" aria-label=\"\" role=\"img\" ><\/div>\n\t\t\t\t\t\t\t\t\t\t\t<div class=\"elementor-gallery-item__overlay\"><\/div>\n\t\t\t\t\t\t\t\t\t\t\t\t\t\t<\/a>\n\t\t\t\t\t\t\t<a class=\"e-gallery-item elementor-gallery-item elementor-animated-content\" href=\"https:\/\/gabipavanello.ch\/wordpress\/wp-content\/uploads\/2024\/12\/c2a6321.jpg\" data-elementor-open-lightbox=\"yes\" data-elementor-lightbox-slideshow=\"21b45ba\" data-e-action-hash=\"#elementor-action%3Aaction%3Dlightbox%26settings%3DeyJpZCI6NTc2NSwidXJsIjoiaHR0cHM6XC9cL2dhYmlwYXZhbmVsbG8uY2hcL3dvcmRwcmVzc1wvd3AtY29udGVudFwvdXBsb2Fkc1wvMjAyNFwvMTJcL2MyYTYzMjEuanBnIiwic2xpZGVzaG93IjoiMjFiNDViYSJ9\">\n\t\t\t\t\t<div class=\"e-gallery-image elementor-gallery-item__image\" data-thumbnail=\"https:\/\/gabipavanello.ch\/wordpress\/wp-content\/uploads\/2024\/12\/c2a6321-1024x683.jpg\" data-width=\"1024\" data-height=\"683\" aria-label=\"\" role=\"img\" ><\/div>\n\t\t\t\t\t\t\t\t\t\t\t<div class=\"elementor-gallery-item__overlay\"><\/div>\n\t\t\t\t\t\t\t\t\t\t\t\t\t\t<\/a>\n\t\t\t\t\t\t\t<a class=\"e-gallery-item elementor-gallery-item elementor-animated-content\" href=\"https:\/\/gabipavanello.ch\/wordpress\/wp-content\/uploads\/2024\/12\/c2a6318.jpg\" data-elementor-open-lightbox=\"yes\" data-elementor-lightbox-slideshow=\"21b45ba\" data-e-action-hash=\"#elementor-action%3Aaction%3Dlightbox%26settings%3DeyJpZCI6NTc2NCwidXJsIjoiaHR0cHM6XC9cL2dhYmlwYXZhbmVsbG8uY2hcL3dvcmRwcmVzc1wvd3AtY29udGVudFwvdXBsb2Fkc1wvMjAyNFwvMTJcL2MyYTYzMTguanBnIiwic2xpZGVzaG93IjoiMjFiNDViYSJ9\">\n\t\t\t\t\t<div class=\"e-gallery-image elementor-gallery-item__image\" data-thumbnail=\"https:\/\/gabipavanello.ch\/wordpress\/wp-content\/uploads\/2024\/12\/c2a6318-1024x683.jpg\" data-width=\"1024\" data-height=\"683\" aria-label=\"\" role=\"img\" ><\/div>\n\t\t\t\t\t\t\t\t\t\t\t<div class=\"elementor-gallery-item__overlay\"><\/div>\n\t\t\t\t\t\t\t\t\t\t\t\t\t\t<\/a>\n\t\t\t\t\t\t\t<a class=\"e-gallery-item elementor-gallery-item elementor-animated-content\" href=\"https:\/\/gabipavanello.ch\/wordpress\/wp-content\/uploads\/2024\/12\/c2a6317.jpg\" data-elementor-open-lightbox=\"yes\" data-elementor-lightbox-slideshow=\"21b45ba\" data-e-action-hash=\"#elementor-action%3Aaction%3Dlightbox%26settings%3DeyJpZCI6NTc2MywidXJsIjoiaHR0cHM6XC9cL2dhYmlwYXZhbmVsbG8uY2hcL3dvcmRwcmVzc1wvd3AtY29udGVudFwvdXBsb2Fkc1wvMjAyNFwvMTJcL2MyYTYzMTcuanBnIiwic2xpZGVzaG93IjoiMjFiNDViYSJ9\">\n\t\t\t\t\t<div class=\"e-gallery-image elementor-gallery-item__image\" data-thumbnail=\"https:\/\/gabipavanello.ch\/wordpress\/wp-content\/uploads\/2024\/12\/c2a6317-1024x683.jpg\" data-width=\"1024\" data-height=\"683\" aria-label=\"\" role=\"img\" ><\/div>\n\t\t\t\t\t\t\t\t\t\t\t<div class=\"elementor-gallery-item__overlay\"><\/div>\n\t\t\t\t\t\t\t\t\t\t\t\t\t\t<\/a>\n\t\t\t\t\t<\/div>\n\t\t\t\t\t<\/div>\n\t\t\t\t<\/div>\n\t\t<div class=\"elementor-element elementor-element-2fd7df1 e-grid e-con-full e-con e-parent\" data-id=\"2fd7df1\" data-element_type=\"container\" data-e-type=\"container\">\n\t\t\t\t<div class=\"elementor-element elementor-element-d720cab elementor-align-center elementor-widget elementor-widget-button\" data-id=\"d720cab\" data-element_type=\"widget\" data-e-type=\"widget\" data-widget_type=\"button.default\">\n\t\t\t\t\t\t\t\t\t\t<a class=\"elementor-button elementor-button-link elementor-size-sm\" href=\"https:\/\/gabipavanello.ch\/wordpress\/rumaenischer-militaerfriedhof\/\">\n\t\t\t\t\t\t<span class=\"elementor-button-content-wrapper\">\n\t\t\t\t\t\t\t\t\t<span class=\"elementor-button-text\">zur\u00fcck<\/span>\n\t\t\t\t\t<\/span>\n\t\t\t\t\t<\/a>\n\t\t\t\t\t\t\t\t<\/div>\n\t\t\t\t<div class=\"elementor-element elementor-element-6228323 elementor-align-center elementor-widget elementor-widget-button\" data-id=\"6228323\" data-element_type=\"widget\" data-e-type=\"widget\" data-widget_type=\"button.default\">\n\t\t\t\t\t\t\t\t\t\t<a class=\"elementor-button elementor-button-link elementor-size-sm\" href=\"https:\/\/gabipavanello.ch\/wordpress\/necropoles-nationales\/\">\n\t\t\t\t\t\t<span class=\"elementor-button-content-wrapper\">\n\t\t\t\t\t\t\t\t\t<span class=\"elementor-button-text\">\u00dcbersicht<\/span>\n\t\t\t\t\t<\/span>\n\t\t\t\t\t<\/a>\n\t\t\t\t\t\t\t\t<\/div>\n\t\t\t\t<div class=\"elementor-element elementor-element-81aa976 elementor-align-center elementor-widget elementor-widget-button\" data-id=\"81aa976\" data-element_type=\"widget\" data-e-type=\"widget\" data-widget_type=\"button.default\">\n\t\t\t\t\t\t\t\t\t\t<a class=\"elementor-button elementor-button-link elementor-size-sm\" href=\"https:\/\/gabipavanello.ch\/wordpress\/die-nationale-nekropole-silberloch-hartmannswillerkopf\/\">\n\t\t\t\t\t\t<span class=\"elementor-button-content-wrapper\">\n\t\t\t\t\t\t\t\t\t<span class=\"elementor-button-text\">weiter<\/span>\n\t\t\t\t\t<\/span>\n\t\t\t\t\t<\/a>\n\t\t\t\t\t\t\t\t<\/div>\n\t\t\t\t<\/div>\n\t\t\t\t<\/div>\n\t\t","protected":false},"excerpt":{"rendered":"<p>Die nationale Nekropole Waldmatt de Guebwiller Die N\u00e9cropole nationale Waldmatt de Guebwiller und der angrenzende deutsche Friedhof sind bedeutende Gedenkst\u00e4tten des Ersten Weltkriegs, die die tragischen Ereignisse der K\u00e4mpfe im Haute-Alsace von 1914 bis 1918 w\u00fcrdigen. Der franz\u00f6sische Nationalfriedhof wurde 1914 von der deutschen Armee angelegt und sp\u00e4ter umgestaltet, um die \u00dcberreste von gefallenen Soldaten &#8230; <a title=\"Die nationale Nekropole Waldmatt de Guebwiller\" class=\"read-more\" href=\"https:\/\/gabipavanello.ch\/wordpress\/die-nationale-nepkropole-waldmatt-de-guebwiller\/\" aria-label=\"Mehr Informationen \u00fcber Die nationale Nekropole Waldmatt de Guebwiller\">Weiterlesen<\/a><\/p>\n","protected":false},"author":1,"featured_media":0,"parent":0,"menu_order":0,"comment_status":"closed","ping_status":"closed","template":"","meta":{"footnotes":""},"class_list":["post-5591","page","type-page","status-publish"],"_links":{"self":[{"href":"https:\/\/gabipavanello.ch\/wordpress\/wp-json\/wp\/v2\/pages\/5591","targetHints":{"allow":["GET"]}}],"collection":[{"href":"https:\/\/gabipavanello.ch\/wordpress\/wp-json\/wp\/v2\/pages"}],"about":[{"href":"https:\/\/gabipavanello.ch\/wordpress\/wp-json\/wp\/v2\/types\/page"}],"author":[{"embeddable":true,"href":"https:\/\/gabipavanello.ch\/wordpress\/wp-json\/wp\/v2\/users\/1"}],"replies":[{"embeddable":true,"href":"https:\/\/gabipavanello.ch\/wordpress\/wp-json\/wp\/v2\/comments?post=5591"}],"version-history":[{"count":47,"href":"https:\/\/gabipavanello.ch\/wordpress\/wp-json\/wp\/v2\/pages\/5591\/revisions"}],"predecessor-version":[{"id":7248,"href":"https:\/\/gabipavanello.ch\/wordpress\/wp-json\/wp\/v2\/pages\/5591\/revisions\/7248"}],"wp:attachment":[{"href":"https:\/\/gabipavanello.ch\/wordpress\/wp-json\/wp\/v2\/media?parent=5591"}],"curies":[{"name":"wp","href":"https:\/\/api.w.org\/{rel}","templated":true}]}}